True
Is 31 a factor of 18569?
True
Is 14 a factor of 153648?
False
Is 520645 a multiple of 31?
True
Is 104 a factor of 862264?
True
Is 17782128 a multiple of 257?
False
Is 175187 a multiple of 239?
True
Does 4 divide 231366?
False
Does 17 divide 54753?
False
Does 88 divide 309232?
True
Is 37 a factor of 267098?
False
Is 145 a factor of 3718670?
True
Is 41 a factor of 368551?
False
Is 1712087 a multiple of 360?
False
Is 16 a factor of 16874039?
False
Is 7544466 a multiple of 6?
True
Is 726 a factor of 39930?
True
Is 930224 a multiple of 16?
True
Is 228 a factor of 82308?
True
Is 24 a factor of 120240?
True
Is 155244 a multiple of 34?
True
Is 419220 a multiple of 12?
True
Is 16 a factor of 7291888?
True
Is 583186 a multiple of 177?
False
Is 33 a factor of 72557?
False
Does 11 divide 20266554?
True
Is 1297788 a multiple of 8?
False
Is 89 a factor of 180314?
True
Does 32 divide 13494885?
False
Is 130 a factor of 93418?
False
Is 5495321 a multiple of 299?
True
Is 316 a factor of 1333819?
False
Does 7 divide 44737?
True
Is 2 a factor of 37982?
True
Is 49 a factor of 10512656?
True
Is 645541 a multiple of 23?
True
Is 8271600 a multiple of 24?
True
Is 5340 a multiple of 20?
True
Does 10 divide 3445820?
True
Does 145 divide 61335?
True
Is 465036 a multiple of 12?
True
Does 143 divide 46315?
False
Is 12 a factor of 7153?
False
Does 1312 divide 7400992?
True
Is 515 a factor of 8641185?
True
Is 8 a factor of 256712?
True
Does 208 divide 954096?
True
Does 33 divide 5236242?
True
Is 890 a factor of 11625670?
False
Is 3486670 a multiple of 29?
True
Is 14 a factor of 5862?
False
Is 3664 a multiple of 59?
False
Does 439 divide 53533?
False
Is 622131 a multiple of 25?
False
Is 73 a factor of 2125252?
False
Is 88067 a multiple of 90?
False
Is 7 a factor of 21980?
True
Is 89917 a multiple of 86?
False
Is 12 a factor of 750696?
True
Is 83 a factor of 22809?
False
Is 166 a factor of 567720?
True
Does 8 divide 30056?
True
Is 5 a factor of 47101?
False
Is 7009000 a multiple of 430?
True
Does 26 divide 62244?
True
Is 169712 a multiple of 16?
True
Is 3986052 a multiple of 588?
True
Does 40 divide 1314960?
True
Is 809025 a multiple of 15?
True
Does 8 divide 3870340?
False
Is 17 a factor of 4333170?
False
Does 3 divide 576906?
True
Does 39 divide 56823?
True
Is 13 a factor of 39975?
True
Is 6782776 a multiple of 154?
True
Does 3 divide 59108?
False
Does 9 divide 291876?
False
Is 3 a factor of 4063003?
False
Is 1598175 a multiple of 45?
True
Is 207 a factor of 163944?
True
Is 1043928 a multiple of 12?
True
Is 3087720 a multiple of 40?
True
Is 52 a factor of 132600?
True
Is 5177310 a multiple of 12?
False
Is 223131 a multiple of 57?
False
Does 32 divide 3124192?
True
Does 190 divide 417721?
False
Is 40 a factor of 252760?
True
Does 884 divide 398198?
False
Is 268838 a multiple of 93?
False
Is 15 a factor of 3330003?
False
Does 3 divide 28954?
False
Is 203669 a multiple of 268?
False
Is 18 a factor of 208829?
False
Does 20 divide 2856620?
True
Does 229 divide 45553?
False
Is 1228385 a multiple of 113?
False
Does 6 divide 43038?
True
Does 391 divide 1757060?
False
Is 301975 a multiple of 48?
False
Does 46 divide 296377?
False
Is 1998420 a multiple of 12?
True
Does 4 divide 166204?
True
Does 16 divide 3606432?
True
Is 17500 a multiple of 5?
True
Does 17 divide 280789?
True
Does 309 divide 47536?
False
Is 2460822 a multiple of 14?
True
Does 11 divide 91487?
True
Is 209676 a multiple of 53?
False
Is 72 a factor of 631500?
False
Does 671 divide 9783180?
True
Does 65 divide 272805?
True
Is 28769710 a multiple of 17?
False
Is 89743 a multiple of 17?
True
Is 187995 a multiple of 23?
False
Is 284 a factor of 1112348?
False
Does 10 divide 5647689?
False
Does 26 divide 3248934?
True
Is 17 a factor of 1423557?
False
Does 26 divide 58664?
False
Is 4679775 a multiple of 25?
True
Does 899 divide 3296633?
True
Is 8049450 a multiple of 30?
True
Is 169632 a multiple of 18?
True
Is 212490 a multiple of 3?
True
Is 53152 a multiple of 22?
True
Is 1769 a multiple of 27?
False
Is 404106 a multiple of 141?
True
Does 90 divide 6386504?
False
Is 44 a factor of 320848?
True
Is 1422628 a multiple of 18?
False
Is 84405 a multiple of 15?
True
Is 825739 a multiple of 17?
False
Is 115513 a multiple of 22?
False
Is 53386 a multiple of 47?
False
Is 14 a factor of 22571?
False
Is 564 a factor of 3846248?
False
Does 79 divide 4615575?
True
Does 3 divide 89736?
True
Is 109 a factor of 1380155?
False
Does 360 divide 431203?
False
Does 158 divide 259589?
False
Is 1124040 a multiple of 1653?
True
Is 37 a factor of 1083931?
False
Does 30 divide 228390?
True
Does 54 divide 54162?
True
Is 838570 a multiple of 58?
False
Does 22 divide 217461?
False
Is 6 a factor of 58968?
True
Is 103116 a multiple of 29?
False
Does 3 divide 14133?
True
Is 29088 a multiple of 144?
True
Is 48 a factor of 512112?
True
Does 100 divide 20285400?
True
Is 169 a factor of 99372?
True
Is 402091 a multiple of 733?
False
Is 812 a factor of 954100?
True
Is 636 a factor of 2171505?
False
Is 311758 a multiple of 514?
False
Does 2 divide 25899?
False
Does 41 divide 232839?
True
Is 10 a factor of 59119?
False
Does 5 divide 601360?
True
Is 2093568 a multiple of 64?
True
Does 11 divide 2754950?
True
Does 806 divide 538408?
True
Is 497 a factor of 5959979?
False
Is 319197 a multiple of 103?
True
Does 238 divide 2842434?
True
Is 7 a factor of 2522266?
False
Is 144241 a multiple of 205?
False
Is 876665 a multiple of 243?
False
Does 985 divide 1936510?
True
Does 467 divide 4645249?
True
Is 2024075 a multiple of 11?
False
Does 28 divide 208175?
False
Is 178526 a multiple of 67?
False
Is 41 a factor of 4629310?
True
Is 80 a factor of 120800?
True
Does 98 divide 2050062?
True
Is 114237 a multiple of 111?
False
Is 41 a factor of 1274185?
False
Does 13 divide 26051233?
True
Is 10 a factor of 2941950?
True
Does 274 divide 45703?
False
Is 124 a factor of 10461645?
False
Is 136246 a multiple of 242?
True
Is 16377361 a multiple of 271?
False
Is 32 a factor of 1495913?
False
Does 47 divide 40890?
True
Is 28972 a multiple of 133?
False
Does 92 divide 3945136?
False
Is 5338050 a multiple of 30?
True
Does 2 divide 2043?
False
Does 77 divide 1031338?
True
Is 95 a factor of 1080340?
True
Does 14 divide 41575?
False
Is 201 a factor of 250044?
True
Is 30 a factor of 8576265?
False
Is 292 a factor of 15455?
False
Is 19 a factor of 6472369?
True
Does 2 divide 21126?
True
Is 54 a factor of 396198?
True
Is 18 a factor of 19809360?
True
Is 1802944 a multiple of 16?
True
Is 2 a factor of 84746?
True
Does 34 divide 6802142?
True
Does 31 divide 51646?
True
Does 9 divide 1616649?
False
Is 835 a factor of 166165?
True
Is 29351 a multiple of 599?
True
Is 8 a factor of 44592?
True
Is 99 a factor of 3933293?
False
Is 25 a factor of 109075?
True
Is 7098 a multiple of 169?
True
Is 37109 a multiple of 15?
False
Is 80703 a multiple of 2?
False
Does 16 divide 42768?
True
Is 331310 a multiple of 70?
True
Does 75 divide 734122?
False
Does 31 divide 33387?
True
Does 88 divide 6186701?
False
Is 8 a factor of 3321615?
False
Is 1073269 a multiple of 150?
False
Does 411 divide 2005307?
False
Does 91 divide 726453?
True
Is 1268 a factor of 4560182?
False
Is 189675 a multiple of 27?
True
Is 143 a factor of 6344?
False
Does 115 divide 250700?
True
Is 28 a factor of 559468?
True
Is 131043 a multiple of 130?
False
Is 2 a factor of 82864?
True
Does 363 divide 5875865?
False
Does 12 divide 151950?
False
Is 6 a factor of 76170?
True
Does 8 divide 16352?
True
Is 52800 a multiple of 12?
True
Is 5 a factor of 113740?
True
Is 261553 a multiple of 345?
False
Is 688319 a multiple of 471?
False
Is 11901295 a multiple of 35?
True
Is 177 a factor of 3704721?
False
Is 48 a factor of 6051936?
True
Is 47170 a multiple of 265?
True
Does 303 divide 630846?
True
Is 395582 a multiple of 11?
True
Is 5593325 a multiple of 1145?
True
Does 719 divide 705255?
False
Is 2316662 a multiple of 107?
False
Does 7 divide 7170805?
False
Is 54912 a multiple of 48?
True
Is 1690 a factor of 2768220?
True
Is 432260 a multiple of 37?
False
Is 178 a factor of 2131372?
True
Is 804 a factor of 7988871?
False
Is 337280 a multiple of 496?
True
Does 401 divide 5583651?
False
Is 16 a factor of 198270?
False
Is 20 a factor of 13015408?
Fals